 10. Let q be b(-4). Let v(u) = -7*u + 5 + 3*u**3 + 6*u - q*u**3. Give v(0).
5
Let f(c) = 6*c - 1. Let j(n) = 17*n - 3. Let d(q) = 11*f(q) - 4*j(q). Let p = 128 + -129. Give d(p).
3
Let y = -16 - -18. Suppose j + 2 = y*j. Let k(o) be the third derivative of o**5/30 - o**4/6 + o**3/3 + 2*o**2. Calculate k(j).
2
Let z be (2 + -1)/((-2)/(-4)). Let b(o) = -o**3 - 3*o**2 + 3*o + 3. Let a be b(-4). Let h(k) = k**2 + a*k - 4*k + z*k**2. What is h(-2)?
6
Suppose -4*f + 0 + 4 = 0. Let j(y) be the first derivative of -5*y**4/2 + y**3/3 - y**2/2 + y + 2. Calculate j(f).
-9
Let o be 1 + (2 - 2/1). Let s(d) be the first derivative of 5/4*d**4 + 4 + 0*d + 0*d**2 + 0*d**3. What is s(o)?
5
Let y(x) = 2*x - 6. Let v be y(5). Let p(l) be the third derivative of -l**4/12 - l**3/3 + 40*l**2. What is p(v)?
-10
Let t(b) = -8*b + 234 - 234. Determine t(-1).
8
Suppose 0*g = -3*p + g + 15, -3*p - 3*g + 3 = 0. Let o(n) = -2 + 5 + 6 - p + n. Suppose -x = -4*b + 2*x - 27, -23 = 4*b + x. Give o(b).
-1
Let f(c) = 2 - c + 1 - 4. Let m be f(-5). Let l(y) = -m + 2*y - 3*y - y. Give l(-5).
6
Let c(d) = d**2 - 4*d - 1. Let r be c(3). Let h = -6 - r. Let i(w) = -3*w - 4 + 7 + 4*w. What is i(h)?
1
Let w(i) = i**3 - 4*i**2 + 2*i - 5. Let m be w(4). Let g(z) = z + 8. Let f(o) = o + 4. Let v(p) = 5*f(p) - 3*g(p). What is v(m)?
2
Let i(b) be the second derivative of -b**3/3 + 5*b**2/2 - 4*b. Let r(j) = j + 5. Let q(z) = z - 7. Let c be q(7). Let v be r(c). What is i(v)?
-5
Let i be (-5)/24 - (-1)/4. Let g(x) be the third derivative of 4*x**2 - i*x**4 + 0 + 0*x + 4/3*x**3. Calculate g(0).
8
Suppose 0 = h + 1, 0 = -c + 4*h - 0*h. Let d(m) = -2*m**2 - 6*m - 1. Calculate d(c).
-9
Let o(v) be the third derivative of -v**5/60 + v**4/24 + v**3/3 + 3*v**2. Determine o(-2).
-4
Let t(i) = -i**2 + 4*i + 5. Let f(q) = -q**2 - q - 1. Let z be (3 + -7)*1/2. Let c(g) = z*f(g) + t(g). Give c(-6).
7
Let i(f) = 6*f**3 - 8*f**2 - f - 4. Let g(b) = -5*b**3 + 8*b**2 + b + 3. Let d(x) = 5*g(x) + 4*i(x). Give d(8).
7
Let f(k) be the second derivative of 0 + 1/2*k**3 - 5*k - 1/2*k**2 + 1/12*k**4. Give f(-3).
-1
Let d(w) = -10*w**3 - w**2. Suppose -2 = -3*h + 1. What is d(h)?
-11
Let j(t) = t**3 - t**2 - 2*t + 1. Suppose 0 = 10*k + 3*k - 39. Calculate j(k).
13
Suppose 2*d - 6*d + 20 = 0. Suppose -d*c = 9 - 79. Let b be (-95)/(-35) + 4/c. Let m(q) = -q**2 + 4. What is m(b)?
-5
Suppose -m = -2*m + 1. Let h(c) = -2*c**3 + c**2 - 2*c + 1. Calculate h(m).
-2
Let s = 10 + -7. Let n(u) = 3*u + 2. Let q be n(s). Suppose 14 = -5*y - q. Let b(j) = j**3 + 4*j**2 - 4*j + 4. Give b(y).
-1
Let l = -90 + 95. Let y(r) be the second derivative of -r**4/12 + 2*r**3/3 - 2*r**2 - r. Give y(l).
-9
Let m(v) = 3*v + 3. Let p be ((-8)/6)/(10/30). What is m(p)?
-9
Let m be (4/5)/(4/20). Let n(g) = 2 - 4*g - m*g**2 + 5*g**2 + 1. Give n(3).
0
Let t be 2/(-6)*0/(-2). Let r(v) = v**2 + 3*v + 3. Let f be r(-3). Let a(m) = 2*m**2 + 6*m + t*m - m - 3*m - 2*m**f. Give a(2).
-4
Let z(u) be the first derivative of -u**4/4 + 2*u**3 + 3*u**2/2 - 7*u + 27. Let j = -9 + 15. Give z(j).
11
Let t be -1 - (8/4 + 0). Let x(h) = -2*h - 4. Determine x(t).
2
Let f(u) = -u**2 + u - 2. Let x be (-1)/(-4) - 2/8. Let c be x*3/(-9) + 5. Let p = -3 + c. What is f(p)?
-4
Let x(c) be the second derivative of 7*c**4/12 - c**3/6 - 16*c. Calculate x(1).
6
Let g be ((-6)/(-7))/((-1)/((-42)/27)). Let y(o) be the second derivative of 1/2*o**2 + 0 + 3*o - g*o**3. Determine y(-1).
9
Let s = 17 - 11. Let f be (-12)/(-5) - 2/5. Let j(h) = 0*h - 2*h + h**f + 4 - s. Determine j(-2).
6
Let z(u) = 6*u + 4. Let x(o) = o + 1. Let f(t) = -11*x(t) + 2*z(t). Give f(-4).
-7
Suppose l + 4*l - f - 27 = 0, 3*f = 5*l - 31. Suppose -2 = v - l. Let m(g) = -g**2 - v*g - 1 - 2*g + 3*g**3 + 3*g. Calculate m(-1).
-3
Let l(q) = -q**3 + 5*q**2 - 3*q + 1. Let m be l(4). Let n = m - 1. Let w(y) = y**2 - 2*y - 4. What is w(n)?
4
Let g = -7 + 10. Let y(x) = 2 + g - 3*x - 3. Suppose -15 + 5 = 5*z. Give y(z).
8
Let s(h) be the third derivative of -h**5/60 + h**4/12 - h**3/6 + 13*h**2. Determine s(-2).
-9
Suppose 0*w + w - 5 = 0. Let p(m) = m**2 - 5*m - 5. Give p(w).
-5
Let q(u) be the first derivative of 2*u**3/3 + u**2 + 2*u - 1. Give q(-2).
6
Suppose -5*d = 4*b - 2, -b + 2*d - 2 = -2*b. Let x(w) be the third derivative of -w**6/60 - w**5/30 - w**3/6 + 4*w**2. Give x(b).
7
Let a = -8 + 5. Let d = -6 - a. Let c(z) = -2*z + 2. Let t(u) = -10*u + 10. Let q(s) = -11*c(s) + 2*t(s). What is q(d)?
-8
Let c = 10 - 16. Let n = c - -8. Let k(i) = i - 3 + 2 + i**n - 2 - 4. Give k(0).
-7
Suppose -r - 2*r - 18 = 0. Let k = r - -6. Let l(b) = -1 + b - 2 + k*b. What is l(0)?
-3
Let d(w) = -w**2 + 4*w - 2. Suppose -5*i + 28 = -3*i + 4*s, 3*i - 37 = -5*s. Calculate d(i).
-2
Let v(a) be the first derivative of 1/3*a**3 + a - 1 - 1/2*a**2 - 1/4*a**4. What is v(1)?
0
Let n(o) = o + 6 - o**2 + 3*o + 2*o. Let f be ((-3)/2)/(3/(-10)). What is n(f)?
11
Let w(r) = -r**3 - 6*r**2 - 2. Suppose -2*h = -4*m + 4, 3*h - 4*h + 3*m = 0. Determine w(h).
-2
Let r(p) = -2*p + 1. Suppose -6*n - 20 = -2*n. Determine r(n).
11
Suppose -c + 6*c + 25 = 0. Let m(j) = j + 8. Calculate m(c).
3
Let b be (5 + -3 - -2)/2. Suppose -2*v = -4*v - 2*c, -4*c = -b*v + 18. Let m(j) = -j + v*j - j + j. Determine m(-4).
-8
Let p(m) be the first derivative of m**4/4 + m**3 - 3*m**2 - m + 12. Determine p(-4).
7
Let a(y) = -2*y - 15. Let b(t) = -t - 7. Let x(m) = -4*a(m) + 7*b(m). Let s be x(-10). Let c(h) = 8*h**3 - h**2 + h. Determine c(s).
8
Let t(d) = 6*d**3 + 5*d**2 + 2*d + 8. Let k(q) = 5*q**3 + 4*q**2 + q + 7. Let f(b) = 5*k(b) - 4*t(b). Let x(w) = -w**2 + 2*w + 2. Let s be x(2). Give f(s).
5
Suppose -2*j + 0 = -d + 2, 0 = -3*j - 5*d + 10. Let u(x) = x**3 + x**2 + x + 3. Calculate u(j).
3
Let h(j) = j**3 - 9*j**2 - 10*j + 3. Let o be -4*(-5)/2 - (-1 - -1). Give h(o).
3
Let k(g) = -2*g**3 - 2*g**2 - g - 2. Let s(q) = -q**3 - 9*q**2 - q - 11. Let z be s(-9). Calculate k(z).
8
Let y = -139 - -140. Let z(l) = l**3 + l**2 - l + 1. Let i(q) = -6*q**3 - 5*q**2 + 3*q - 3. Let g(n) = i(n) + 4*z(n). Give g(y).
-3
Let g(y) = y**3 - 6*y**2 - 5*y - 4. Let c(i) = -2*i**3 + 12*i**2 + 10*i + 7. Let r(k) = -6*c(k) - 13*g(k). What is r(7)?
-4
Let i(q) = -q**2 + q + 3. Let h be i(2). Let v(n) = -3*n. Give v(h).
-3
Let q be (0 - -2)/(1*2). Let h(f) = 6*f**2 - f. Let s be h(q). Let a be (-7)/s - (-14)/35. Let m(j) = -10*j**2 - j - 1. What is m(a)?
-10
Let n(m) = m + 3. Let y(u) = -u**2 - u - 6. Let i(q) = 5*n(q) + 2*y(q). Determine i(-2).
-11
Let d(h) = -3 + 8 - 26*h + 28*h. Suppose -3*r + 0*r = 0. Suppose 0 = -r*v - v, -3*v = 4*b + 16. Give d(b).
-3
Let z(m) = m**2 - 2*m - 1. Let j be z(3). Let t(i) be the third derivative of -i**5/30 - i**4/24 - i**3/6 + 3*i**2 + 10. Calculate t(j).
-11
Let o(x) be the first derivative of x**4/4 + x**3 + 2*x**2 + 4*x + 2. Determine o(-3).
-8
Let a(u) = u**3 + 9*u**2 + 8*u - 3. Suppose -5*y = 3*q + 28, 3*y + 5*q = -2*y - 20. Give a(y).
-3
Let d(n) be the third derivative of n**4/24 - 4*n**3/3 + 9*n**2. Give d(0).
-8
Let h(f) be the third derivative of f**6/120 + f**5/60 - f**4/8 - f**3/3 - 3*f**2. Let p be h(-2). Let u = 0 + p. Let g(d) = -d**3 - d + 8. Calculate g(u).
8
Let x(s) = 6*s**2 - 6*s**3 + 5*s**3 + 1490 - 1484. Give x(5).
31
Let b be ((-6)/(-4))/((-2)/8). Let j(l) = -335 + 168 + 173 - 4*l - l**2 + 0*l**2. Give j(b).
-6
Let p = 2 + 5. Let b(c) = -1 - c**2 - 6 + p*c**3 + 2*c**2 + 5*c. Let u(v) = -4*v**3 - 3*v + 4. Let d(w) = -3*b(w) - 5*u(w). Determine d(-2).
-3
Suppose 18 = -3*s + 6*s. Let g(h) = 2*h - 6. What is g(s)?
6
Let f(q) = 150*q - 305*q + 3 + 157*q. What is f(-4)?
-5
Let a = -5 + 1. Let x(p) = -5*p**3 + 3*p**2 + 3*p + 8. Let m(r) = -4*r**3 + 3*r**2 + 2*r + 7. Let n(k) = 6*m(k) - 5*x(k). What is n(a)?
-2
Suppose -4 = -9*f + 10*f. Let w(t) = -t**3 - 3*t**2 + 6*t + 1. Give w(f).
-7
Suppose -3*h + 18 = -3*a, 2*a + 3 = -3*h - 2*a. Let y = -6 + h. Let l(j) be the third derivative of j**5/60 - j**4/24 - 2*j**3/3 + 3*j**2. Calculate l(y).
8
Let l = 33 + -38. Let s(f) = -f + 1. Calculate s(l).
6
Let p(c) = 2 - 1 + 14*c - 4*c. Give p(-1).
-9
Suppose 0 = 17*t - 22*t. Let o(i) be the third derivative of -1/24*i**4 + t*i + 0 + i**2 - 1/6*i**3. Calculate o(3).
-4
Let n(y) = y**2 + 8*y - 3. Let p be 4/(-6)*(-105)/(-14). Calculat